uppose -2*g = -14 + 2. Calculate the remainder when 18 is divided by s(g).
8
Let m(v) = -v**3 - 6*v**2 + 5*v + 1. Let f be m(-7). Let g be 5*(-1)/(f/(-24)). Suppose b - g = -0*b. Calculate the remainder when 30 is divided by b.
6
Let z = 3 - -1. Suppose -12*i + 24 + 36 = 0. Suppose -2*j = i*t - 3, -3*j + 0*t + z*t = -62. Calculate the remainder when 27 is divided by j.
13
Let a(c) = c**3 - 5*c**2 - 6*c + 6. What is the remainder when a(6) is divided by 3?
0
Let t = -3 - -23. What is the remainder when 137 is divided by t?
17
Let o = 294 - 634. Suppose b + b = 16. What is the remainder when o/(-15) + (-2)/(-6) is divided by b?
7
Let q(p) = p**3 - 3*p**2 - 4*p + 5. Let u be (-28)/(-8) - (-1)/2. What is the remainder when (-1)/(-3)*9 + u is divided by q(4)?
2
Let j = 133 - 124. What is the remainder when 34 is divided by j?
7
Let c(u) = u**2 + 5*u - 4. Let l(m) = 3*m**2 + 15*m - 13. Let a(x) = -7*c(x) + 2*l(x). What is the remainder when (5 - (20 + 0))/(-1) is divided by a(-3)?
7
Suppose 30 = -5*l + 40. Calculate the remainder when 9 is divided by l.
1
Suppose 5*l - 10 = -0*l. What is the remainder when (3/(-3))/(l/(-56)) is divided by 15?
13
Let y = -3 + 48. What is the remainder when 178 is divided by y?
43
Let f = 1 - -2. Suppose 5*u = f*u. Let q(l) = -l + 36. What is the remainder when q(u) is divided by 13?
10
What is the remainder when (-16)/24 - (-70)/6 is divided by 7?
4
Let o = -3 - -11. Suppose j + j = -2*g - 6, -j - 2*g = 7. Suppose -4*n + 13 - j = 0. Calculate the remainder when o is divided by n.
2
Let b = 31 - 30. Calculate the remainder when b + 2 + 3 + 67 is divided by 38.
35
Suppose y = x - 232, -1190 = -2*x - 3*x - 5*y. Suppose 4*i = -79 + x. Suppose 4*h - i = h. What is the remainder when 25 is divided by h?
12
Let m(l) = -l**3 - 10*l**2 + 10*l + 3. Let x(q) = -q**3 - 3*q**2 + 5*q + 1. Calculate the remainder when x(-5) is divided by m(-11).
12
Let p = 3 - 3. Let b = 1 - p. Let j = 2 + 0. Calculate the remainder when j is divided by b.
0
Let n be (-2)/(-7) + 850/14. Let v = -9 + n. Suppose 0*m = -4*m + v. What is the remainder when 24 is divided by m?
11
Suppose 128 + 112 = 4*h. Suppose 3*x = 510 + h. Suppose -4*k - 46 = -x. Calculate the remainder when k is divided by 13.
10
Let d(o) = -2*o - 5. Calculate the remainder when 48 is divided by d(-11).
14
Suppose 0 = 7*l - 129 - 25. Let c(r) = r**2 + r - 2. Let p be c(-2). Let y(i) = i + 8. Calculate the remainder when l is divided by y(p).
6
Suppose -8*k + 2*k + 150 = 0. Calculate the remainder when 91 is divided by k.
16
Let o be (14/2 - 3)/2. Let x = o - -16. Calculate the remainder when 52 is divided by x.
16
Suppose 4*y - 38 = -2*d, 3*d = 7*d + 4*y - 72. What is the remainder when 61 is divided by d?
10
Suppose -14 - 2 = -4*n. What is the remainder when n is divided by (6/5)/(6/15 - 0)?
1
Let a(t) be the second derivative of -t**5/20 + t**4/3 - t**3/6 - 2*t**2 - 2*t. Let x = 18 - 15. What is the remainder when x is divided by a(3)?
1
Suppose 42 = g + 2*g. Calculate the remainder when 25 is divided by g.
11
Calculate the remainder when 80 is divided by ((-189)/14)/((-1)/2).
26
Let r(j) = 3*j**2 - 4*j - 9. What is the remainder when r(5) is divided by 16?
14
Calculate the remainder when 61 is divided by (-7 - -9)/((-4)/(-34)).
10
Suppose -4*u - 12 = 0, -6*u - 94 = -2*v - 2*u. Suppose -139 + v = -2*x. Calculate the remainder when x is divided by 13.
10
Let j(o) = -5*o**2 - 25*o. Calculate the remainder when j(-4) is divided by 1*2*(-22)/(-4).
9
Let o = 7 + 6. Calculate the remainder when o is divided by 4.
1
Let z = -92 + 99. Let i be (1 + -3)/((-3)/6). Suppose 53 = 5*v + 4*m, i*v - 23 = -m + 26. Calculate the remainder when v is divided by z.
6
Suppose 3*m + 4 = -2*k, k + 2*k = 3*m - 6. What is the remainder when 16 is divided by (8/(-12))/(k/18)?
4
Suppose c = -3*d - 4, c + 0*c = -d + 6. What is the remainder when c is divided by 3?
2
Let d be ((-10)/(-3))/(2/3). Let n(i) = 1 + 5*i - 3 + 4 + i**2. Calculate the remainder when n(d) is divided by 18.
16
Suppose -203 - 70 = -3*k - 3*z, -z = 3*k - 263. What is the remainder when k is divided by 30?
26
Let n(o) = -7*o - 1. Suppose -p + r = -8, p - 3*r - 2 = r. What is the remainder when n(-4) is divided by p?
7
Suppose 4 = -c + 2. Let d be 18 + 1/(c - -3). Suppose -4*w + 8 = 4*y - 3*w, -3*y - 4*w = -d. Calculate the remainder when 1 is divided by y.
0
What is the remainder when (183/6)/((-2)/(-4)) is divided by 22?
17
Suppose 4*v - c = 8*v - 153, -3*v + 131 = 4*c. What is the remainder when v is divided by 8?
5
Let l(i) = -i**3 + 8*i**2 + 5*i**2 - 10 + 10*i - 5*i**2 - i**2. Suppose 12 = 3*n - 0*n. What is the remainder when l(8) is divided by n?
2
Calculate the remainder when (3 - 6) + (135 + 3)/3 is divided by 15.
13
Suppose j + 60 = 2*j - 3*x, -3*x + 129 = 2*j. Calculate the remainder when j is divided by 16.
15
Let k(z) = -z**2 + 3*z - 2. Let l be k(3). Let g = -10 - -12. Calculate the remainder when 28 is divided by l/(-2)*30/g.
13
Let l(k) = -k**3 + 5*k**2 + 4*k - 8. What is the remainder when 35 is divided by l(5)?
11
Suppose 2*d = -z + 140, 2*d + 30 = z - 106. Calculate the remainder when z is divided by 35.
33
Suppose n - x - 10 = x, 80 = 5*n + 5*x. What is the remainder when n is divided by (-7)/(-2)*2 + -2?
4
Suppose -5*p + 2*l - 2 = -28, 4*l - 4 = -4*p. Suppose -2*n - 21 = n. Let t = 3 - n. Calculate the remainder when t is divided by p.
2
Let m(q) = -q**3 + 13*q**2 - 13*q + 16. What is the remainder when 7 is divided by m(12)?
3
Suppose j + 45 = -4*j. Calculate the remainder when (-1 + -7)*9/(-4) is divided by (-10)/(-15) - 39/j.
3
Calculate the remainder when 14 is divided by ((-6)/2)/(30/(-80)).
6
Suppose 3*d = -3*t + 144, 2*t - d = 5*t - 152. Let j be 2 + 2*1/(-2). Calculate the remainder when t is divided by j + -1 + 6*3.
16
Let v(z) = -z**3 - 7*z**2 + 3*z - 8. Let m be 2/(-10) + 39/(-5). Calculate the remainder when v(m) is divided by 7.
4
Calculate the remainder when 6 is divided by (-10)/(-5)*4/4.
0
Suppose 15 = 3*t + 4*i, 7*t - 5*i = 4*t + 42. What is the remainder when 45 is divided by t - ((-3)/1 + 0)?
9
Calculate the remainder when (-2 - 8*-2)*2 is divided by 11.
6
Let g(u) = -27*u**3 - u**2 + 1. What is the remainder when g(-1) is divided by 15?
12
Let k(n) = -n**3 + 28*n**2 - 28*n + 33. Calculate the remainder when 8 is divided by k(27).
2
Let t = -18 + 72. Calculate the remainder when t is divided by 11.
10
Let i(o) = o**3 - 8*o**2 + 5*o + 7. Suppose h = -5 + 17. Calculate the remainder when i(8) is divided by h.
11
Suppose -5*a = -13 - 2. Let l(d) = 9 + a*d - d - 3*d. Calculate the remainder when l(0) is divided by 5.
4
Let t(p) = p + 9. Let c be t(-6). Calculate the remainder when ((-2)/c)/(12/(-1026)) is divided by 15.
12
Let h = 160 - 87. Let x = h + -27. Calculate the remainder when x is divided by 16.
14
Let g(n) = 2*n**3 - 7*n**2 - 4. Let q(i) = 3*i**3 - 14*i**2 - i - 8. Let t(v) = -5*g(v) + 3*q(v). Calculate the remainder when 31 is divided by t(-7).
14
What is the remainder when (28/21 - 2)*(-159)/1 is divided by 27?
25
Suppose 2*m - 16 = 4*l + 74, 197 = 5*m - 3*l. What is the remainder when m is divided by 20?
17
Let c = -47 + 61. What is the remainder when 40 is divided by c?
12
Let a be (2 - 0)/((-1)/(-2)). Suppose -a*p = -i + 17, -5*i - 5*p = -0*i + 15. What is the remainder when 3 is divided by i?
0
Suppose 7*k = 4*x + 2*k - 22, 5*x = -5*k + 5. Suppose -3 + 21 = x*z. Suppose -5*o = -b - 25, -o = -z*o + 4*b + 25. What is the remainder when 9 is divided by o?
4
Let a = -5 - -20. What is the remainder when a is divided by 4?
3
Let a(l) = -3*l - 6. Calculate the remainder when 141 is divided by a(-10).
21
Let q(n) = -10*n**3 + 4*n**2 - 3*n + 2. Let l be q(2). Let i = -29 - l. Calculate the remainder when i is divided by 20.
19
Let q(l) = -2*l - 1. Let b(x) = -x**3 - 6*x**2 + 9*x + 8. Let d be b(-7). Let o = 241 - 222. What is the remainder when o is divided by q(d)?
8
Let m(k) = -4 + 6 + 4 + 6*k + 1. Calculate the remainder when m(6) is divided by 11.
10
Suppose -k = 2*k + 6. Suppose -r + 34 = p, r - 5*p - 172 = -3*r. What is the remainder when r is divided by 2/k - 0 - -14?
12
Suppose 3*j = 2*c + 28, c = 4*j - c - 36. Calculate the remainder when (-2*1)/(8/(-116)) is divided by j.
5
Suppose